{"id":1656,"date":"2022-11-04T17:13:12","date_gmt":"2022-11-04T16:13:12","guid":{"rendered":"https:\/\/cosladapre.toools.es\/cultura-y-fiestas\/?page_id=1656"},"modified":"2023-05-05T08:57:40","modified_gmt":"2023-05-05T06:57:40","slug":"artistas","status":"publish","type":"page","link":"https:\/\/cosladapre.toools.es\/cultura-y-fiestas\/cultura\/artistas\/","title":{"rendered":"Artistas"},"content":{"rendered":"\n<div class=\"wp-block-file\">&lt;object class=&quot;wp-block-file__embed&quot; data=&quot;https:\/\/cosladapre.toools.es\/cultura-y-fiestas\/wp-content\/uploads\/sites\/7\/2022\/11\/Guia-de-artistas-locales-2021.pdf&quot; type=&quot;application\/pdf&quot; style=&quot;width:100%;height:600px&quot; aria-label=&quot;Incrustado de &lt;strong&gt;Gu\u00eda de Artistas Locales de Coslada 2021<\/strong><\/object><a id=\"wp-block-file--media-a9e89408-34a0-4888-b034-00fe4c8cdcdf\" href=\"https:\/\/cosladapre.toools.es\/cultura-y-fiestas\/wp-content\/uploads\/sites\/7\/2022\/11\/Guia-de-artistas-locales-2021.pdf\"><strong>Gu\u00eda de Artistas Locales de Coslada 2021<\/strong><\/a><a href=\"https:\/\/cosladapre.toools.es\/cultura-y-fiestas\/wp-content\/uploads\/sites\/7\/2022\/11\/Guia-de-artistas-locales-2021.pdf\" class=\"wp-block-file__button\" download aria-describedby=\"wp-block-file--media-a9e89408-34a0-4888-b034-00fe4c8cdcdf\">Descarga<\/a><\/div>\n\n\n\n<p><\/p>\n\n\n\n<p><\/p>\n\n\n\n<p><\/p>\n\n\n\n<p><\/p>\n\n\n\n<h5 class=\"has-x-large-font-size wp-block-heading\"><a href=\"https:\/\/docs.google.com\/forms\/d\/e\/1FAIpQLSew1xwcfqoS_0_nCW6lEPdFgNVqwRA0QvD_AT-izWILPkoFVg\/viewform\">Abierta la II edici\u00f3n de la Gu\u00eda de Artistas locales de Coslada 2022<\/a><\/h5>\n\n\n\n<figure class=\"wp-block-image\"><img decoding=\"async\" src=\"https:\/\/static.wixstatic.com\/media\/75ef91_34f1afa156fc4da388b8c021ad8fb336~mv2.jpg\/v1\/fill\/w_600,h_848,al_c,q_85,usm_0.66_1.00_0.01,enc_auto\/portada%20GU%C3%8DA%202022.jpg\" alt=\"portada GU\u00cdA artistas Coslada 2022.jpg\" \/><\/figure>\n\n\n\n<p>\u200b<\/p>\n\n\n\n<p class=\"has-medium-font-size\"><strong>Si quieres formar parte de la II edici\u00f3n de la Gu\u00eda de Artistas de Coslada a<\/strong><strong>ccede a las bases completas y al formulario de inscripci\u00f3n en<\/strong>:&nbsp;<a href=\"http:\/\/www.cosladacultura.es\/guiadeartistas\" target=\"_blank\" rel=\"noreferrer noopener\">https:\/\/docs.google.com\/forms\/d\/e\/1FAIpQLSew1xwcfqoS_0_nCW6lEPdFgNVqwRA0QvD_AT-izWILPkoFVg\/viewform&nbsp;<\/a><\/p>\n\n\n\n<p class=\"has-medium-font-size\">\u200b<\/p>\n\n\n\n<p class=\"has-medium-font-size\">La Concejal\u00eda de Cultura del Ayuntamiento de Coslada lanza una nueva edici\u00f3n de la Gu\u00eda de artistas locales 2022, que ser\u00e1 difundida en formato PDF por redes sociales , y que estar\u00e1 disponible para cualquiera que quiera consultarla en:<br><a href=\"http:\/\/www.cosladacultura.es\/\" target=\"_blank\" rel=\"noreferrer noopener\">www.cosladacultura.es<\/a>.<\/p>\n\n\n\n<p class=\"has-medium-font-size\">\u200b<\/p>\n\n\n\n<p class=\"has-medium-font-size\">Este proyecto se puso por primera vez en marcha en 2021, para apoyar y dar visibilidad a los y las artistas locales y que se enmarca en nuestra l\u00ednea de acci\u00f3n de impulso de la creaci\u00f3n local.<\/p>\n\n\n\n<p class=\"has-medium-font-size\">\u200b<\/p>\n\n\n\n<p class=\"has-medium-font-size\">Se ha creado un cat\u00e1logo con una amplia selecci\u00f3n de profesionales en el \u00e1mbito de la Cultura que residen en Coslada o tienen alg\u00fan tipo de v\u00ednculo con nuestra ciudad, o asociaciones y compa\u00f1\u00edas amateur de Coslada con la finalidad de dar a conocer el trabajo que desarrollan. Esta gu\u00eda facilita el contacto para solicitar cualquier tipo de servicio art\u00edstico y sirve para fomentar y promocionar la cultura y el talento local, reforzando nuestra identidad cultural y haciendo m\u00e1s visible la labor de quienes la integren para que se pueda valorar en mayor medida el trabajo que desarrollan<\/p>\n\n\n\n<p class=\"has-medium-font-size\">Ya est\u00e1n disponibles las bases para participar en esta gu\u00eda de artistas locales, compa\u00f1\u00edas, grupos art\u00edsticos y asociaciones culturales que se dediquen a cualquier campo art\u00edstico o creativo: teatro, cine, circo, magia, humor, fotograf\u00eda, m\u00fasica, danza, pintura, escultura, literatura, animaci\u00f3n a la lectura, ilustraci\u00f3n, dise\u00f1o digital, artesan\u00eda, dise\u00f1o, confecci\u00f3n, moda, audiovisuales, artes decorativas, arte urbano, cer\u00e1mica\u2026<\/p>\n\n\n\n<p class=\"has-medium-font-size\">\u200b<\/p>\n\n\n\n<p class=\"has-medium-font-size\"><strong>Comisi\u00f3n de selecci\u00f3n<\/strong><\/p>\n\n\n\n<p class=\"has-medium-font-size\">Hay una comisi\u00f3n de selecci\u00f3n, nombrada al efecto, presidida por la Jefatura del \u00c1rea de Cultura y conformada por dos personas de coordinaci\u00f3n y una monitora de los Talleres Municipales del \u00c1rea de Cultura, que determinar\u00e1 la inclusi\u00f3n o no de las solicitudes recibidas en la gu\u00eda de artistas locales en base a su inter\u00e9s social, art\u00edstico y cultural, as\u00ed como por la calidad y profesionalidad de sus trabajos.<\/p>\n\n\n\n<p class=\"has-medium-font-size\">Dependiendo del volumen de solicitudes enviadas se har\u00e1 esa selecci\u00f3n previa. El hecho de participar en la convocatoria no implica ser aceptado directamente para ser incluido en la gu\u00eda.<\/p>\n\n\n\n<p class=\"has-medium-font-size\">\u200b<\/p>\n\n\n\n<p class=\"has-medium-font-size\"><strong>Requisitos<\/strong><\/p>\n\n\n\n<p class=\"has-medium-font-size\">Podr\u00e1n solicitar formar parte de la gu\u00eda cualquier persona f\u00edsica o jur\u00eddica que tengan o hayan tenido domicilio fiscal o social en el municipio de Coslada. En el caso de las asociaciones deben de estar inscritas en el registro municipal de asociaciones. Para personas f\u00edsicas, solo mayores de 18 a\u00f1os.<\/p>\n\n\n\n<p class=\"has-medium-font-size\">\u200b<\/p>\n\n\n\n<p class=\"has-medium-font-size\">E<strong>l plazo de presentaci\u00f3n<\/strong>&nbsp;de solicitudes y entrega de documentaci\u00f3n ser\u00e1 del 19 de julio al 21 de noviembre.<\/p>\n\n\n\n<p class=\"has-medium-font-size\">\u200b<\/p>\n\n\n\n<p class=\"has-medium-font-size\">Primero este formulario.<\/p>\n\n\n\n<figure class=\"wp-block-embed\"><div class=\"wp-block-embed__wrapper\">\nhttps:\/\/docs.google.com\/forms\/d\/e\/1FAIpQLSew1xwcfqoS_0_nCW6lEPdFgNVqwRA0QvD_AT-izWILPkoFVg\/viewform\n<\/div><\/figure>\n\n\n\n<p class=\"has-medium-font-size\">Segundo: una vez rellenado el formulario se enviar\u00e1 a&nbsp;<a href=\"mailto:culturacoslada@gmail.com\">culturacoslada@gmail.com<\/a>&nbsp;los documentos que exigen en el punto 5 de las bases.<\/p>\n\n\n\n<p class=\"has-medium-font-size\">\u200b<\/p>\n\n\n\n<p class=\"has-medium-font-size\"><strong>Criterios de selecci\u00f3n<\/strong><\/p>\n\n\n\n<p class=\"has-medium-font-size\">La Comisi\u00f3n de selecci\u00f3n que se nombre al efecto tendr\u00e1 en cuenta a la hora de llevar a cabo la selecci\u00f3n los siguientes criterios: valoraci\u00f3n art\u00edstica, originalidad e innovaci\u00f3n, la trayectoria del solicitante y la idoneidad de la solicitud presentada.<\/p>\n\n\n\n<p class=\"has-medium-font-size\"><strong>Se puede acceder a las bases completas en:<\/strong><br><a href=\"http:\/\/www.cosladacultura.es\/guiadeartistas\" target=\"_blank\" rel=\"noreferrer noopener\">www.cosladacultura.es\/guiadeartistas<\/a><\/p>\n\n\n\n<p class=\"has-medium-font-size\">\u200b<\/p>\n\n\n\n<p class=\"has-medium-font-size\">Si ya figuras en la Gu\u00eda 2021 y quieres cambiar o a\u00f1adir alg\u00fan dato, escr\u00edbenos a&nbsp;<a href=\"mailto:culturacoslada@gmail.com\">culturacoslada@gmail.com<\/a><\/p>\n","protected":false},"excerpt":{"rendered":"<p>Abierta la II edici\u00f3n de la Gu\u00eda de Artistas locales de Coslada 2022 \u200b Si quieres formar parte de la II edici\u00f3n de la Gu\u00eda de Artistas de Coslada accede a las bases completas y al formulario de inscripci\u00f3n en:&nbsp;https:\/\/docs.google.com\/forms\/d\/e\/1FAIpQLSew1xwcfqoS_0_nCW6lEPdFgNVqwRA0QvD_AT-izWILPkoFVg\/viewform&nbsp; \u200b La Concejal\u00eda de Cultura del Ayuntamiento de Coslada lanza una nueva edici\u00f3n de la&hellip; <a class=\"continue\" href=\"https:\/\/cosladapre.toools.es\/cultura-y-fiestas\/cultura\/artistas\/\">Seguir leyendo<span> Artistas<\/span><\/a><\/p>\n","protected":false},"author":96,"featured_media":0,"parent":39,"menu_order":0,"comment_status":"closed","ping_status":"closed","template":"","meta":{"ngg_post_thumbnail":0,"footnotes":""},"class_list":["post-1656","page","type-page","status-publish","hentry"],"publishpress_future_action":{"enabled":false,"date":"2026-05-13 18:18:43","action":"change-status","newStatus":"draft","terms":[],"taxonomy":"lmat_language","extraData":[]},"publishpress_future_workflow_manual_trigger":{"enabledWorkflows":[]},"_links":{"self":[{"href":"https:\/\/cosladapre.toools.es\/cultura-y-fiestas\/wp-json\/wp\/v2\/pages\/1656","targetHints":{"allow":["GET"]}}],"collection":[{"href":"https:\/\/cosladapre.toools.es\/cultura-y-fiestas\/wp-json\/wp\/v2\/pages"}],"about":[{"href":"https:\/\/cosladapre.toools.es\/cultura-y-fiestas\/wp-json\/wp\/v2\/types\/page"}],"author":[{"embeddable":true,"href":"https:\/\/cosladapre.toools.es\/cultura-y-fiestas\/wp-json\/wp\/v2\/users\/96"}],"replies":[{"embeddable":true,"href":"https:\/\/cosladapre.toools.es\/cultura-y-fiestas\/wp-json\/wp\/v2\/comments?post=1656"}],"version-history":[{"count":5,"href":"https:\/\/cosladapre.toools.es\/cultura-y-fiestas\/wp-json\/wp\/v2\/pages\/1656\/revisions"}],"predecessor-version":[{"id":2902,"href":"https:\/\/cosladapre.toools.es\/cultura-y-fiestas\/wp-json\/wp\/v2\/pages\/1656\/revisions\/2902"}],"up":[{"embeddable":true,"href":"https:\/\/cosladapre.toools.es\/cultura-y-fiestas\/wp-json\/wp\/v2\/pages\/39"}],"wp:attachment":[{"href":"https:\/\/cosladapre.toools.es\/cultura-y-fiestas\/wp-json\/wp\/v2\/media?parent=1656"}],"curies":[{"name":"wp","href":"https:\/\/api.w.org\/{rel}","templated":true}]}}